hat is the remainder when n is divided by q(-6)?
14
Let v = 22 + -77. Let l = -34 - v. What is the remainder when l is divided by 8?
5
Let z be ((-10)/4)/((-15)/36). Suppose -k = -0*k - z. Calculate the remainder when 28 is divided by k.
4
Let g = -7 - -12. Suppose -g*j = l - 17, -3*l - j = -3*j - 34. Let k = 8 + 36. What is the remainder when k is divided by l?
8
Let u(k) = -k**2 - 3*k - 9. Let q be u(-6). Let v be (-1288)/49 + (-6)/(-21). What is the remainder when q*(v/6 - -4) is divided by 3?
0
Let n = -43 - -47. Suppose 12 = n*v - 32. What is the remainder when 53 is divided by v?
9
Let l = -40 + 67. Suppose u = -3*r + l, 5*r = 2*u + u + 31. Let q(c) = c**3 - 14*c**2 + 50*c + 9. Calculate the remainder when q(6) is divided by r.
5
Let z = 63 + -58. Suppose -4*w - 4*o + 0 = -12, -z*w - 4*o + 16 = 0. Suppose -10 = -4*b + 30. What is the remainder when b is divided by w?
2
Calculate the remainder when (403/(-52) - -10)/((-3)/(-304)) is divided by 68.
24
Let z = -145 + 93. Let r = z + 242. Calculate the remainder when r is divided by 48.
46
Suppose 20 = 5*x - 5*w - 0, 0 = 3*x + w - 32. Let g = 96 - 34. Calculate the remainder when g is divided by x.
8
Calculate the remainder when (-8256)/256*(0 - (-16)/(-6)) is divided by 13.
8
Let a(l) = 6*l - 87. Calculate the remainder when (-1)/((-20)/244)*5 is divided by a(18).
19
Calculate the remainder when 31 + 1 + 1 + 1 is divided by (-4)/(-6) - (-520)/30.
16
Let d be 2/4 + 189/(-6). Let q = d - -42. What is the remainder when 43 is divided by q?
10
Let u(a) = -9*a + 12. Let j be u(-11). Suppose 4*c - 7*c = -j. Let x = 61 - c. What is the remainder when x is divided by 9?
6
Let a = 78 + -128. Let r = a + 59. What is the remainder when r is divided by 3?
0
What is the remainder when (4 + (-35)/7)*-18 is divided by 9?
0
Let b = 19 - 13. Let m(i) = 3*i + 5*i - 1 - 1 - 9*i. Calculate the remainder when b is divided by m(-5).
0
Let k = 5 - -1. Suppose 5*a - k + 1 = 0, -2*g + 23 = -5*a. What is the remainder when (26 - 25)*(0 + 53) is divided by g?
11
Let d(a) = -8*a - 5. What is the remainder when 48 is divided by d(-3)?
10
Suppose 14*c - 12*c - 236 = 0. What is the remainder when c is divided by 8?
6
Let a(b) = b - 31. Let r be a(0). Let m = r - -57. Calculate the remainder when m is divided by (-6)/(-1) + (-14 - -17).
8
Suppose 201 = 8*n - 4*n + x, -5*n + 261 = -2*x. Calculate the remainder when 200 is divided by n.
47
Let i(z) = 4*z**2 - z**3 - 4*z**2 + 4*z. Calculate the remainder when i(-3) is divided by (-4)/5*(-25)/(8 + -3).
3
Let a(i) = -14*i + 2. Let m be a(-2). Suppose -5*g - 3*t = -m, g + 2*t = t + 6. What is the remainder when 10 is divided by g?
4
Let c(f) = -f**3 - 3*f**2 + 6*f - 6. Suppose 92*r = 89*r. What is the remainder when (r - -4)*(81/4)/3 is divided by c(-5)?
13
Suppose 0 = 30*y + 46*y - 7296. Calculate the remainder when y is divided by 4.
0
Suppose 16 - 4 = -2*k. What is the remainder when ((-27)/(-6))/((-1)/k) is divided by 7?
6
Let o = 14 - 20. Let x = o - -53. Calculate the remainder when x is divided by 1/6 - (-369)/54.
5
Suppose -5*a + 66 + 4 = 0. Let c(m) = 4*m**2 - 10*m + 1. Let b(q) = q**2 + q. Let z(y) = 3*b(y) - c(y). Calculate the remainder when z(6) is divided by a.
13
Let c = 100 - 97. What is the remainder when 5 is divided by c?
2
Let d = -6 + 11. Suppose -d*o = 4*r - 37, 4*r + 8 + 5 = 5*o. Calculate the remainder when -14*((-3)/(-6))/(-1) is divided by r.
1
Suppose 0 = 44*o - 51*o + 147. What is the remainder when 985 is divided by o?
19
What is the remainder when (1 - (-16)/(-6))/((-28)/3696) is divided by 56?
52
Suppose -4*d = -2*d - 112. Suppose -6*t = -2*t - d. Calculate the remainder when 25 is divided by t.
11
What is the remainder when 59 is divided by (-3)/(-39) + ((-1290)/26)/(-5)?
9
Suppose 0*p + 70 = -p. Let m = p - -105. Suppose x - 14 = 2*z, 2*x = -3*z + 37 + 5. What is the remainder when m is divided by x?
17
Let t(b) = -3*b**2 - 9*b - 30. Let x(d) = -d**2 - 5*d - 15. Let p(h) = 2*t(h) - 5*x(h). Let k = -20 + 27. Calculate the remainder when p(k) is divided by 4.
3
Suppose 4*u - 24 = 16. Suppose 7*f - 2*f - u = -5*g, 5*f = g - 20. What is the remainder when g is divided by 2?
1
Let z be (-21)/(-9)*(5 + 1). Suppose 0 = -19*d + 12*d + z. Calculate the remainder when 10 is divided by d.
0
Let l(m) = 2*m**2 + 5*m + 4. Let h be l(-7). Let g = h - 54. Calculate the remainder when 50 is divided by g.
11
Suppose -3*s + 8 = -2*m - 7*s, s + 24 = 5*m. Suppose -8 = m*w - 6*w. Let d = 57 - 46. Calculate the remainder when d is divided by w.
3
Let l = 563 - 554. Calculate the remainder when 30 is divided by l.
3
Let j = 468 + -458. Let p be 3*-6 + (1 - 3). Calculate the remainder when (p + -1)*(-12)/14 is divided by j.
8
Let f(n) = n**2 - 6*n + 8. Let t(j) = -j**2 - j + 8. Let x be t(0). What is the remainder when f(x) is divided by (-1 - 0)*(-12 + -1)?
11
Let g be 2/3*3*2. Suppose -8 + 112 = g*r. Suppose 29 = 3*n - k, -5*n + 19 = 5*k - 16. What is the remainder when r is divided by n?
8
Let z = 148 - 108. Calculate the remainder when 52 is divided by z.
12
Suppose -2*o + 3*t = -6*o + 1372, 2*t + 1692 = 5*o. What is the remainder when 83 is divided by ((48/(-20))/6)/((-8)/o)?
15
Let k be (-12)/8*(11/3 + -1). Let n = 14 - 30. What is the remainder when ((-39)/(-6))/(k/n) is divided by 9?
8
Suppose -11*x - 119 = -1087. Calculate the remainder when x is divided by 6.
4
Let r(d) = 23*d - 3. What is the remainder when 91 is divided by r(1)?
11
Suppose 0 = 97*q - 113*q + 1120. Let l be (-71)/(-2)*(-3 + 1). What is the remainder when q is divided by l/(-4) + 2/8?
16
Let z be (-4)/(-1)*(-1)/4. Let x = 3 - z. Suppose x*w - 121 = -3*r, 6*w - 3*w = -4*r + 152. What is the remainder when r is divided by 9?
8
Let s(u) = 58*u**2 - 21*u + 18. Calculate the remainder when s(2) is divided by 52.
0
Suppose 5 - 4 = b, 4*p + 3*b + 21 = 0. What is the remainder when ((-9)/p)/(9/66) is divided by 2?
1
Suppose -720 = -2*h - 2*k, 344 = h - 9*k + 14*k. Calculate the remainder when h is divided by 121.
1
Suppose -31*f = -23*f - 384. Let q = f - 13. Calculate the remainder when q is divided by 19.
16
Suppose -5*s - 32 = -x + 55, 0 = 4*x + s - 390. What is the remainder when x is divided by 17?
12
Let q(u) = u**2 - 15*u + 9. Let w be q(14). Let l be ((-4)/(-20))/((-1)/w). Calculate the remainder when 10*l - (-3 - -2) is divided by 7.
4
Let x(c) = -c - 6. Let z be x(-14). What is the remainder when -96*(1 - 12/z) is divided by 17?
14
Suppose -g + 4*g + 851 = j, -3*g - 3*j = 843. Suppose -2*q - 18 = -5*q. Calculate the remainder when g/(-19) - (-4)/38 is divided by q.
3
Let y(v) = v**3 - 2*v**2 - 2*v - 92. Let k be y(0). Let w = 128 + k. What is the remainder when w is divided by 13?
10
Suppose -304 = -87*y + 71*y. Calculate the remainder when 69 is divided by y.
12
Let b(f) = 218*f**2 - 17*f + 29. Calculate the remainder when b(2) is divided by 29.
26
Suppose 0 = -3*p + 3*s + 621, 0*s + 191 = p - 5*s. What is the remainder when p is divided by 71?
69
Let n be 10/10 + -1 + 236 + -2. Let j = n - 162. Calculate the remainder when j is divided by 37.
35
What is the remainder when -2 - (12/66 + (-4098)/33) is divided by 31?
29
Let l be 6 + (-1)/(1 + -2). Let z(k) be the second derivative of k**3 + 2*k**2 - 13*k. Calculate the remainder when z(l) is divided by 24.
22
Let m(v) = v**3 - 8*v**2 - 10*v + 11. Let j be m(9). Suppose 0 = -2*t - j*k + 90, -2*t - 3*t + k + 237 = 0. Calculate the remainder when t is divided by 12.
11
Suppose 2352 = 167*k - 159*k. What is the remainder when 294 is divided by k?
0
Suppose 4*s = -2*g + 68, -3*s + 28 = -5*g + 133. Let q be 2*(3 + 25/(-10)). What is the remainder when g is divided by q/(11/(-44) - (-34)/104)?
11
Let h(u) = u**3 + 10*u**2 + 15*u + 11. Calculate the remainder when h(-5) is divided by 31.
30
Suppose 0 = -2*h - 3*h + 600. Suppose 7*w - 2*w - h = 0. Calculate the remainder when w is divided by (1 + -3 - 1)*-3.
6
Let o = -515 + 573. What is the remainder when 93 is divided by o?
35
What is the remainder when (-2*35/(-20) + -3)*566 is divided by 138?
7
Suppose 4 - 29 = -5*s. Suppose 3*m + s = -4*v + 21, 0 = -m - 2*v + 6. What is the remainder when 190/m - (-2)/4 is divided by 25?
23
Suppose 4*g = 2*o - 5*o + 23, -5*o = 2*g - 1. Let a = g + -7. Calcu